g) = g + 9. Let j(q) = -2*c(q) - 11*s(q). Determine j(0).
-7
Let s be (0 + (-2)/4)*-2. Let k(c) = 1 - 3 - 4*c + 1. Calculate k(s).
-5
Let m(k) be the second derivative of k**4/3 - 2*k**3/3 + k**2 - 37*k. Calculate m(2).
10
Let o(a) = a + 2. Let k(w) = -4*w - 6. Let c(r) = 3*r + 5. Let z(t) = 5*c(t) + 4*k(t). Let f be z(2). Give o(f).
1
Let g(o) = -o - 3. Let v(y) = y**3 - 5*y**2 + 4*y - 4. Let s = -6 - 3. Let u be s/(-6)*(-8)/(-3). Let j be v(u). Give g(j).
1
Let z = -12 - -13. Suppose -3*d = 2*h - 6, -h + 5*d + z - 24 = 0. Let v(n) = 2*n + 2. Give v(h).
-4
Let h(o) = -o**2 + 6*o - 3. Let a be h(5). Let i(l) = -l - 5 + 3 + 8 - l**3 + 3 - l**a. Give i(0).
9
Let u(s) = -s - 3. Let q(m) = 2*m**3 - 3*m**2 + 1. Let b be q(2). Suppose -11 = b*x - 31. Suppose -x*t = -9*t - 15. Determine u(t).
0
Let u = -61 + 63. Let i(t) be the first derivative of -2 - 1/2*t**u - 5*t. Determine i(-5).
0
Let i = 673/24 - 28. Let z(m) be the third derivative of 2*m**2 + 0*m**3 + 0 - i*m**4 + 0*m - 1/12*m**5. Determine z(-1).
-4
Let i(p) = -p - 1 - 3*p + 3*p. Calculate i(3).
-4
Suppose -2*s - 40 + 34 = 0. Let k(r) = -r**3 - 4*r**2 - 4*r - 2. Give k(s).
1
Let b(m) = -m**2 - 8*m - 5. Let y(q) = q**3 - 5*q**2 - 4*q + 14. Let d be y(5). Calculate b(d).
7
Let u(g) be the first derivative of -1/2*g**2 - g - 3. What is u(-6)?
5
Let s = 187 - 187. Let q(l) = 1. Let p(c) = c - 8. Let h(i) = -p(i) - 3*q(i). What is h(s)?
5
Let f(n) = -n**3 - n + 1. Let p = -17 - -17. Determine f(p).
1
Let t(b) = 3*b - 1. Let s(j) = -4*j + 3. Let g(r) = 3*s(r) + 5*t(r). Give g(-5).
-11
Let t(o) = o**2 - 2. Let x be t(-2). Let v(f) = 0*f**2 - 3 - 4*f**x + 2. Let u be 11/22*(-2)/1. What is v(u)?
-5
Suppose 6*h + 0*h - 18 = 0. Let b = h - 6. Let t(u) = -u**3 - 4*u**2 - 2*u + 3. Determine t(b).
0
Suppose 0 = 5*w - 0*w - 3*v + 10, 4*w - 3*v = -8. Let k(o) = -o - 8. Let l be k(-9). Let z(i) = l + i**2 - i + i. What is z(w)?
5
Let x be -2 + 36/20 - 5/(-25). Let d be 2/(-6) - 26/(-6). Let s(o) = -d*o**3 - 6 + 1 + 3*o**3. What is s(x)?
-5
Let l(a) be the first derivative of -a + 3 + 1/2*a**2. Calculate l(-5).
-6
Let w(t) be the first derivative of t**2/2 - 6*t + 44. Give w(7).
1
Let u(i) = 3*i - 15. Let s be u(3). Let c(k) = 5*k**2 + 4*k + 7. Let x(z) = -4*z**2 - 5*z - 6. Let t(q) = -3*c(q) - 4*x(q). What is t(s)?
-9
Let w(m) = m. Let p be w(-4). Let v = p + 6. Let l(j) = 0*j - 3*j**2 + 2*j**3 + 2*j - j**3. What is l(v)?
0
Let v be (2/6)/((-1)/24). Let y(i) = i**2 + 7*i - 4. What is y(v)?
4
Let w(i) = 5*i**2 - 1. Suppose 5*u = p - 4 - 21, 2*p = 5*u + 25. Suppose 0 = -2*m - p*m + 2. Determine w(m).
4
Let k(y) = y**2 - y. Let a(n) = 2*n**2 + 6*n + 2. Let f(q) = -a(q) + k(q). Calculate f(-7).
-2
Let l(s) = s**3 - 4*s**2 - 5*s + 4. Let u be 33/9 - (-12)/9. Determine l(u).
4
Let z(x) be the first derivative of -x**3/3 + 7*x**2/2 - x - 6. Let u be (-220)/(-35) - (-4)/(-14). Calculate z(u).
5
Suppose 0 = 5*u - 4*u + 1. Let g(o) = o + 3. Let l(s) = 5*s + 16. Let b be ((-110)/8)/(-5)*4. Let a(j) = b*g(j) - 2*l(j). What is a(u)?
0
Let v(g) = g**3 - 3*g**2 + 3*g - 1. Let c be (-5)/(-5) - (0 + -1). What is v(c)?
1
Let s be 1*(5 + (1 - 2)). Let p(b) = 1 - 2*b**2 + 6*b**2 + 5*b + s - b**3. Let u(y) = -4*y**3 - 2*y - 1. Let o be u(-1). Determine p(o).
5
Let n(q) = q + 1. Let y be 4*((-22)/(-33) - 4/(-3)). Determine n(y).
9
Let n be -8*(-2 + 9/6). Suppose -2*z + 4*z + n = 0. Let o(p) = 4*p - 2. Give o(z).
-10
Let y be 21/(-6)*(0 + 4). Let z be (-4)/y + 188/28. Let b(o) = 3 + o**2 - 3 - 4*o + 2 + z*o. Give b(-4).
6
Let s(g) = -g**2 + 9*g**2 + 2 - 7*g**2 - 6*g. Determine s(6).
2
Let p = 4 - 2. Suppose -u = -p*u + 4. Let y be (u/(-3) - 0)*3. Let o(c) = -c**3 - 4*c**2 + c. What is o(y)?
-4
Let l(o) = o - 1. Let a(t) = -4. Let x(k) = -a(k) - 2*l(k). Let g(u) be the second derivative of 3*u**5/10 - u**4/12 - u. Let n be g(1). Give x(n).
-4
Let n(m) = 7*m**3 - 2*m**2 - m - 3. Let p(a) = -6*a**3 + 3*a**2 + 2*a + 4. Let k(g) = 3*n(g) + 2*p(g). Let q(z) = z + 7. Let x be q(-6). What is k(x)?
9
Let w be 2/(-3) + (-60)/18. Let d(h) = -h**2 - 2*h. Determine d(w).
-8
Let j = 14 + -10. Let g(q) = 3*q - 3. Let v(d) = -4*d + 5. Let o(m) = -7*g(m) - 5*v(m). What is o(j)?
-8
Suppose -5*d + 0 = -15, 0 = 2*n + 2*d - 6. Let c(z) = z**3 + z**2 + z + 4. Calculate c(n).
4
Suppose -4 = v - 5. Let b = 7 - v. Let u(w) = -w + 8. Give u(b).
2
Suppose 0*m - 2*m + 5*l - 2 = 0, 0 = 2*m + 2*l + 2. Let i(s) = 4 - 19 + 2*s**3 - s + 14. Determine i(m).
-2
Suppose -3*a + 12 + 9 = 0. Let h = 5 - a. Let x(u) = 8*u**2 + 3*u. Let s(o) = 7*o**2 + 3*o. Let z(t) = 4*s(t) - 3*x(t). Determine z(h).
10
Let n be (10/7)/(2/14). Let s(u) = u**2 - 8*u - 13. Calculate s(n).
7
Let i(b) be the second derivative of -b**4/12 + b**3/6 + 5*b**2/2 - 2*b. Suppose 6*c + 4*q = c, 33 = 2*c - 5*q. Calculate i(c).
-7
Suppose -5*b = -3*b - 10. Let q(i) = -i**2 + 5*i + 4. Calculate q(b).
4
Let v(r) = 1 - 8 + 0*r**3 - r**3 + 5*r**2. Determine v(5).
-7
Suppose -w - 12 = -5*w. Let p be -3 + (-3 + w)/(-1). Let i(u) = -2*u**2 - 3*u + 3. What is i(p)?
-6
Let d(x) = -x**3 - 4*x**2 - 5*x - 3. Suppose -2*l - 9 = -3. Give d(l).
3
Let g(d) = 12 - 6*d - 29 + 13. What is g(-3)?
14
Suppose -4*o = -s - 21, -s - 5 = -5*o + 20. Let t = s - -12. Suppose t*n - 2*n = 25. Let x(d) = d**2 - 5*d - 1. Calculate x(n).
-1
Suppose -5*y + 10 = 25. Let n(v) = v + 12. Let o be n(-10). Let w(k) = o - 4 - k**2 + 0 - k - 3*k. What is w(y)?
1
Let t be (-14 - -2)*1/(-3). Let a(c) = c**3 - 3*c**2 - 6*c + 6. Determine a(t).
-2
Let g(f) be the second derivative of -3*f**5/20 + f**3/3 + f**2/2 - 2*f. Let m(s) = -s + 2. Let o = -4 - -7. Let c be m(o). Calculate g(c).
2
Let u(y) = 4*y + 2. Let g(s) = -3*s - 3. Let n(j) = -2*g(j) - 3*u(j). What is n(-1)?
6
Let l(t) = -2*t - 3. Let n(p) = -p + 1. Let r(o) = -l(o) - 2*n(o). What is r(-1)?
-3
Let f(o) = 8 - 7*o + 0*o**2 + 2*o**2 - o**2. Let i be f(6). Suppose -i + 17 = 5*u. Let s(q) = q - 1. Calculate s(u).
2
Let d be -1 - 0 - (-21)/3. Let r(y) = -3*y + 1 - y + d*y - y. Determine r(-5).
-4
Let f be (-2)/9 + 6/27. Suppose z + y + 0 - 5 = 0, f = -z - 4*y + 11. Let p(u) be the third derivative of u**4/12 - u**3/2 - 2*u**2. Determine p(z).
3
Let t(y) = 7*y**3 + y**2 + y + 2. Let f(q) = -8*q**3 - q**2 - q - 1. Let d(k) = -6*f(k) - 7*t(k). Calculate d(0).
-8
Let j(x) = x**2 - x - 1. Suppose -3*i + 6 = -0*i. What is j(i)?
1
Let d(t) = 2*t - 1. Let s(x) = -5*x + 1. Let m(g) = -9*g + 2. Let r(o) = -4*m(o) + 7*s(o). Let q(h) = -4*d(h) + 5*r(h). What is q(-1)?
2
Let m(l) = l - 15. Let j be (4 - 2)*-1*-7. Let h be m(j). Let v(n) = 3*n - 1. Determine v(h).
-4
Suppose 43 = 2*u + 3. Suppose 0 = -5*m - u, -s + 6*s - 3*m - 42 = 0. Let t(f) = -f**3 + 7*f**2 - 4*f + 2. Give t(s).
14
Let i(y) = 148*y + 1 + 0 - 147*y + 2. Give i(4).
7
Let l(y) be the second derivative of y**4/24 - 5*y**2/2 - 3*y. Let r(n) be the first derivative of l(n). What is r(5)?
5
Let t(w) be the first derivative of -w**3/3 + 3*w**2/2 + 1. Suppose -3*m = -m - 16. Suppose -m = -2*i - 2. Give t(i).
0
Let t(f) = 19*f. Let v(m) = 3*m. Let c(g) = 6*t(g) - 39*v(g). Determine c(-1).
3
Let v = -3 - -6. Suppose -4*z + v = -1. Let y(f) be the second derivative of -3*f**5/10 - f**2/2 - f. Determine y(z).
-7
Let m(l) = 2 + l**2 - 58*l + 2*l**2 + 55*l. Let x(v) = -16*v**2 + 16*v - 11. Let s(g) = 11*m(g) + 2*x(g). Calculate s(2).
2
Let y(v) = v**2 + 12*v + 16. Let r be y(-11). Let a(g) = 3*g. What is a(r)?
15
Let t(a) = -a**2 - a + 30. Let v be t(0). Suppose v = -5*j + 5. Let i(f) be the first derivative of f**4/4 + 4*f**3/3 - 5*f**2/2 + 4*f + 1. Give i(j).
4
Let a(q) = 8*q**2 - 5*q + 3. Let h(b) be the second derivative of b**5/20 + b**3/6 - 5*b. Let k(y) = a(y) - h(y). Determine k(7).
10
Let b = -20 + 22. Let l(c) be the second derivative of -c**4/12 - c**3/3 + c**2/2 - c. What is l(b)?
-7
Let m(n) = n**3 - 5*n**2 - 10*n + 7. Suppose -c + 2*j + 4 = 0, c - 5*j - 2 = -1. What is m(c)?
-17
Suppose 0 = -3*d + 5*g + 20, 0 = -5*g - 6 + 1. Let r(z) = 3 + z**2 + d*z**2 - 2. Calculate r(-1).
7
Let y(j) = -j**2 + 4*j - 1. Let b be 10*(0 + 2/4). Determine y(b).
-6
Suppose 2*x + 2*u = 12, -3*u - 6 - 24 = -3*x. Suppose -2 = -k + 3. Suppose -k*d = -d - x. Let f(c) = 5*c - 3. Calculate f(d).
7
Let b(u) = 2*u - 4*u + 2 + u + u**2 + 0*u**2. Suppose 0 = 2